77617
List the prime factors of 2839653.
3, 315517
What are the prime factors of 365804?
2, 109, 839
List the prime factors of 4198072.
2, 41, 12799
What are the prime factors of 104425?
5, 4177
List the prime factors of 8093698.
2, 4046849
What are the prime factors of 19757328?
2, 3, 411611
What are the prime factors of 211841?
7, 53, 571
What are the prime factors of 4255665?
3, 5, 61, 4651
List the prime factors of 18428989.
3491, 5279
List the prime factors of 798015.
3, 5, 53201
What are the prime factors of 27201114?
2, 3, 73, 127, 163
What are the prime factors of 262100?
2, 5, 2621
What are the prime factors of 205841?
43, 4787
List the prime factors of 15376232.
2, 67, 28687
List the prime factors of 3806497.
607, 6271
List the prime factors of 64619.
19, 179
What are the prime factors of 702518?
2, 351259
List the prime factors of 22119.
3, 73, 101
List the prime factors of 2637819.
3, 151, 647
List the prime factors of 727149.
3, 19, 12757
What are the prime factors of 836180?
2, 5, 41809
What are the prime factors of 2370860?
2, 5, 118543
What are the prime factors of 24462223?
241, 101503
List the prime factors of 852956.
2, 13, 47, 349
What are the prime factors of 2465590?
2, 5, 79, 3121
What are the prime factors of 299469?
3, 99823
What are the prime factors of 4403832?
2, 3, 281, 653
List the prime factors of 580159.
17, 34127
What are the prime factors of 200108?
2, 19, 2633
What are the prime factors of 381510?
2, 3, 5, 157
List the prime factors of 1091989.
1039, 1051
List the prime factors of 524846.
2, 7, 37489
What are the prime factors of 2319275?
5, 7, 29, 457
What are the prime factors of 1744?
2, 109
List the prime factors of 238354.
2, 37, 3221
List the prime factors of 33949503.
3, 7, 67, 383
What are the prime factors of 25090863?
3, 7, 1194803
What are the prime factors of 11360693?
941, 12073
List the prime factors of 9077679.
3, 13, 77587
What are the prime factors of 516764?
2, 23, 41, 137
List the prime factors of 44217.
3, 17
List the prime factors of 400651.
400651
What are the prime factors of 1512819?
3, 7, 11, 37, 59
What are the prime factors of 108364?
2, 27091
What are the prime factors of 18716044?
2, 4679011
What are the prime factors of 224999?
71, 3169
List the prime factors of 1149178.
2, 101, 5689
What are the prime factors of 1250645?
5, 11, 22739
What are the prime factors of 17557719?
3, 17, 344269
What are the prime factors of 2717529?
3, 905843
List the prime factors of 1112163.
3, 13, 28517
List the prime factors of 1374965.
5, 274993
What are the prime factors of 416133?
3, 46237
List the prime factors of 5711977.
83, 68819
List the prime factors of 99870.
2, 3, 5, 3329
List the prime factors of 177885.
3, 5, 59, 67
List the prime factors of 1557543.
3, 13, 39937
List the prime factors of 5098131.
3, 59, 9601
What are the prime factors of 691375?
5, 5531
What are the prime factors of 390071?
11, 35461
List the prime factors of 5738754.
2, 3, 7, 139, 983
What are the prime factors of 1739984?
2, 17, 6397
What are the prime factors of 2027905?
5, 11, 36871
List the prime factors of 174678.
2, 3, 7, 4159
List the prime factors of 2872625.
5, 7, 67
What are the prime factors of 886032?
2, 3, 7, 293
What are the prime factors of 16936922?
2, 8468461
List the prime factors of 20917877.
463, 45179
List the prime factors of 460009.
11, 19, 31, 71
What are the prime factors of 1393116?
2, 3, 17, 6829
List the prime factors of 711078.
2, 3, 31, 3823
List the prime factors of 997516.
2, 13, 19183
What are the prime factors of 885672?
2, 3, 12301
List the prime factors of 4313900.
2, 5, 179, 241
List the prime factors of 2606287.
17, 19, 8069
What are the prime factors of 8167692?
2, 3, 13, 41, 1277
List the prime factors of 1076348.
2, 7, 13, 2957
What are the prime factors of 33401326?
2, 7, 2385809
What are the prime factors of 467932?
2, 19, 47, 131
List the prime factors of 938450.
2, 5, 137
List the prime factors of 1917996.
2, 3, 159833
List the prime factors of 5610393.
3, 743, 839
What are the prime factors of 269507?
7, 38501
What are the prime factors of 3117192?
2, 3, 13, 97, 103
What are the prime factors of 15132058?
2, 7566029
List the prime factors of 1609806.
2, 3, 11, 24391
List the prime factors of 165579.
3, 97, 569
List the prime factors of 217831.
61, 3571
List the prime factors of 10688615.
5, 7, 43627
List the prime factors of 212348.
2, 53087
List the prime factors of 304798.
2, 13, 19, 617
List the prime factors of 163405.
5, 11, 2971
List the prime factors of 63566.
2, 37, 859
List the prime factors of 103107.
3, 34369
What are the prime factors of 1000212?
2, 3, 17, 4903
What are the prime factors of 1930147?
1930147
What are the prime factors of 24994?
2, 12497
List the prime factors of 188243.
11, 109, 157
What are the prime factors of 4399585?
5, 879917
List the prime factors of 1366482.
2, 3, 13, 17519
What are the prime factors of 114431?
41, 2791
What are the prime factors of 1224055?
5, 7, 41, 853
List the prime factors of 4403340.
2, 3, 5, 17, 1439
List the prime factors of 3402719.
43, 79133
List the prime factors of 1953258.
2, 3, 325543
List the prime factors of 309143.
23, 13441
What are the prime factors of 26792873?
26792873
What are the prime factors of 211202?
2, 105601
What are the prime factors of 8069685?
3, 5, 13, 29, 1427
What are the prime factors of 1373613?
3, 457871
List the prime factors of 1749244.
2, 7, 62473
What are the prime factors of 1443178?
2, 11, 65599
List the prime factors of 6133597.
617, 9941
What are the prime factors of 416967?
3, 23, 6043
What are the prime factors of 120125?
5, 31
List the prime factors of 274647.
3, 83, 1103
What are the prime factors of 5049249?
3, 31, 54293
List the prime factors of 291007.
291007
List the prime factors of 3683059.
23, 79, 2027
What are the prime factors of 198983?
193, 1031
List the prime factors of 204911.
7, 73, 401
List the prime factors of 1089710.
2, 5, 108971
What are the prime factors of 18986321?
41, 571, 811
What are the prime factors of 4490961?
3, 1496987
List the prime factors of 1437481.
1437481
List the prime factors of 3568762.
2, 1109, 1609
List the prime factors of 17347.
11, 19, 83
What are the prime factors of 223101?
3, 8263
List the prime factors of 37106.
2, 18553
List the prime factors of 73815.
3, 5, 7, 19, 37
What are the prime factors of 4539198?
2, 3, 756533
What are the prime factors of 367838?
2, 183919
What are the prime factors of 910195?
5, 11, 13, 19, 67
What are the prime factors of 3898952?
2, 19, 113, 227
What are the prime factors of 2890193?
577, 5009
What are the prime factors of 143468?
2, 13, 31, 89
What are the prime factors of 331721?
13, 17, 19, 79
What are the prime factors of 62496?
2, 3, 7, 31
List the prime factors of 410180.
2, 5, 20509
List the prime factors of 35596217.
43, 167, 4957
List the prime factors of 419183.
419183
List the prime factors of 12167092.
2, 7, 23, 2699
What are the prime factors of 21196954?
2, 281, 37717
List the prime factors of 4085655.
3, 5, 7, 167, 233
List the prime factors of 21648249.
3, 7, 16363
What are the prime factors of 10862084?
2, 2715521
What are the prime factors of 320460?
2, 3, 5, 7, 109
List the prime factors of 1252476.
2, 3, 11597
List the prime factors of 1676530.
2, 5, 359, 467
List the prime factors of 269169.
3, 23, 47, 83
List the prime factors of 28100.
2, 5, 281
List the prime factors of 183806.
2, 7, 19, 691
List the prime factors of 26488.
2, 7, 11, 43
What are the prime factors of 5474007?
3, 7, 11, 2633
What are the prime factors of 354621?
3, 43, 2749
What are the prime factors of 17651945?
5, 3530389
What are the prime factors of 1463776?
2, 149, 307
List the prime factors of 589611.
3, 11, 17, 1051
List the prime factors of 353343.
3, 19, 6199
What are the prime factors of 21220787?
7, 97, 31253
List the prime factors of 745478.
2, 372739
What are the prime factors of 177645?
3, 5, 13, 911
What are the prime factors of 498199?
13, 19, 2017
What are the prime factors of 4325545?
5, 7, 83, 1489
List the prime factors of 8060438.
2, 4030219
What are the prime factors of 890785?
5, 7, 31, 821
List the prime factors of 115680.
2, 3, 5, 241
List the prime factors of 10992202.
2, 13, 